, 181
List the prime factors of 378.
2, 3, 7
What are the prime factors of 505?
5, 101
What are the prime factors of 4981?
17, 293
List the prime factors of 1269.
3, 47
What are the prime factors of 79882?
2, 11, 3631
What are the prime factors of 1072?
2, 67
What are the prime factors of 5699?
41, 139
List the prime factors of 468.
2, 3, 13
List the prime factors of 19816.
2, 2477
List the prime factors of 149490.
2, 3, 5, 11, 151
What are the prime factors of 82900?
2, 5, 829
List the prime factors of 19410.
2, 3, 5, 647
List the prime factors of 23437.
23, 1019
What are the prime factors of 4592?
2, 7, 41
List the prime factors of 11861.
29, 409
List the prime factors of 75810.
2, 3, 5, 7, 19
What are the prime factors of 26312?
2, 11, 13, 23
List the prime factors of 2967.
3, 23, 43
What are the prime factors of 2199?
3, 733
What are the prime factors of 8914?
2, 4457
List the prime factors of 26410.
2, 5, 19, 139
List the prime factors of 7135.
5, 1427
What are the prime factors of 25024?
2, 17, 23
What are the prime factors of 25800?
2, 3, 5, 43
What are the prime factors of 23253?
3, 23, 337
What are the prime factors of 1692?
2, 3, 47
What are the prime factors of 5011?
5011
What are the prime factors of 1450?
2, 5, 29
List the prime factors of 19759.
19759
What are the prime factors of 56378?
2, 7, 4027
List the prime factors of 6928.
2, 433
What are the prime factors of 3207?
3, 1069
What are the prime factors of 49531?
49531
List the prime factors of 86689.
86689
List the prime factors of 548.
2, 137
What are the prime factors of 4675?
5, 11, 17
List the prime factors of 111499.
43, 2593
List the prime factors of 1586.
2, 13, 61
What are the prime factors of 10822?
2, 7, 773
List the prime factors of 6118.
2, 7, 19, 23
What are the prime factors of 20357?
20357
List the prime factors of 3840.
2, 3, 5
What are the prime factors of 6360?
2, 3, 5, 53
What are the prime factors of 621?
3, 23
What are the prime factors of 5529?
3, 19, 97
What are the prime factors of 76160?
2, 5, 7, 17
List the prime factors of 4644.
2, 3, 43
List the prime factors of 264.
2, 3, 11
What are the prime factors of 14205?
3, 5, 947
List the prime factors of 54248.
2, 6781
What are the prime factors of 1438?
2, 719
What are the prime factors of 13747?
59, 233
List the prime factors of 29473.
29473
List the prime factors of 113.
113
List the prime factors of 760.
2, 5, 19
List the prime factors of 70648.
2, 8831
List the prime factors of 8812.
2, 2203
What are the prime factors of 36394?
2, 31, 587
List the prime factors of 27962.
2, 11, 31, 41
List the prime factors of 609.
3, 7, 29
List the prime factors of 60528.
2, 3, 13, 97
What are the prime factors of 15975?
3, 5, 71
List the prime factors of 21174.
2, 3, 3529
What are the prime factors of 117116?
2, 19, 23, 67
What are the prime factors of 51249?
3, 11, 1553
List the prime factors of 77887.
71, 1097
What are the prime factors of 942?
2, 3, 157
List the prime factors of 25791.
3, 8597
What are the prime factors of 22?
2, 11
What are the prime factors of 499?
499
List the prime factors of 14583.
3, 4861
List the prime factors of 11556.
2, 3, 107
List the prime factors of 47880.
2, 3, 5, 7, 19
List the prime factors of 6902.
2, 7, 17, 29
List the prime factors of 4682.
2, 2341
List the prime factors of 62585.
5, 12517
List the prime factors of 47613.
3, 59, 269
List the prime factors of 8138.
2, 13, 313
What are the prime factors of 5709?
3, 11, 173
What are the prime factors of 149?
149
List the prime factors of 32278.
2, 16139
List the prime factors of 99141.
3, 7, 4721
List the prime factors of 53250.
2, 3, 5, 71
What are the prime factors of 4267?
17, 251
List the prime factors of 616.
2, 7, 11
What are the prime factors of 2903?
2903
What are the prime factors of 1688?
2, 211
List the prime factors of 590.
2, 5, 59
What are the prime factors of 1431?
3, 53
List the prime factors of 3315.
3, 5, 13, 17
List the prime factors of 84911.
19, 41, 109
List the prime factors of 5688.
2, 3, 79
List the prime factors of 7495.
5, 1499
What are the prime factors of 730?
2, 5, 73
What are the prime factors of 2481?
3, 827
List the prime factors of 667.
23, 29
List the prime factors of 388.
2, 97
List the prime factors of 1005.
3, 5, 67
What are the prime factors of 4568?
2, 571
List the prime factors of 73111.
113, 647
List the prime factors of 5889.
3, 13, 151
List the prime factors of 39093.
3, 83, 157
List the prime factors of 22159.
22159
List the prime factors of 36560.
2, 5, 457
What are the prime factors of 2017?
2017
List the prime factors of 1390.
2, 5, 139
List the prime factors of 229.
229
What are the prime factors of 505?
5, 101
List the prime factors of 951.
3, 317
What are the prime factors of 109917?
3, 23, 59
List the prime factors of 430.
2, 5, 43
List the prime factors of 48589.
48589
What are the prime factors of 23145?
3, 5, 1543
What are the prime factors of 15286?
2, 7643
What are the prime factors of 165132?
2, 3, 11, 139
List the prime factors of 499.
499
What are the prime factors of 17728?
2, 277
What are the prime factors of 361?
19
List the prime factors of 7042.
2, 7, 503
List the prime factors of 82885.
5, 11, 137
List the prime factors of 88229.
83, 1063
List the prime factors of 38147.
37, 1031
What are the prime factors of 17939?
17939
List the prime factors of 8925.
3, 5, 7, 17
List the prime factors of 21446.
2, 10723
What are the prime factors of 61033?
7, 8719
What are the prime factors of 3655?
5, 17, 43
List the prime factors of 75479.
75479
List the prime factors of 601.
601
List the prime factors of 4034.
2, 2017
What are the prime factors of 5604?
2, 3, 467
What are the prime factors of 3896?
2, 487
List the prime factors of 90.
2, 3, 5
What are the prime factors of 5563?
5563
List the prime factors of 8512.
2, 7, 19
List the prime factors of 13359.
3, 61, 73
List the prime factors of 14808.
2, 3, 617
What are the prime factors of 762?
2, 3, 127
List the prime factors of 11476.
2, 19, 151
List the prime factors of 7323.
3, 2441
What are the prime factors of 21767?
21767
List the prime factors of 2969.
2969
What are the prime factors of 7983?
3, 887
What are the prime factors of 306?
2, 3, 17
List the prime factors of 354.
2, 3, 59
List the prime factors of 3242.
2, 1621
List the prime factors of 3656.
2, 457
What are the prime factors of 629?
17, 37
List the prime factors of 13.
13
What are the prime factors of 2407?
29, 83
What are the prime factors of 176975?
5, 7079
What are the prime factors of 1815?
3, 5, 11
List the prime factors of 37514.
2, 18757
List the prime factors of 1135.
5, 227
What are the prime factors of 26214?
2, 3, 17, 257
List the prime factors of 17326.
2, 8663
List the prime factors of 6753.
3, 2251
List the prime factors of 36401.
89, 409
List the prime factors of 13436.
2, 3359
List the prime factors of 119746.
2, 11, 5443
List the prime factors of 111387.
3, 107, 347
List the prime factors of 783.
3, 29
What are the prime factors of 753?
3, 251
List the prime factors of 11660.
2, 5, 11, 53
List the prime factors of 5234.
2, 2617
List the prime factors of 3059.
7, 19, 23
List the prime factors of 2205.
3, 5, 7
What are the prime factors of 2967?
3, 23, 43
What are the prime factors of 35710?
2, 5, 3571
What are the prime factors of 124?
2, 31
What are the prime factors of 995?
5, 199
List the prime factors of 22322.
2, 11161
List the prime factors of 936.
2, 3, 13
What are the prime factors of 10924?
2, 2731
List the prime factors of 55448.
2, 29, 239
List the prime factors of 1620.
2, 3, 5
List the prime factors of 1932.
2, 3, 7, 23
What are the prime factors of 10295?
5, 29, 71
What are the prime factors of 6545?
5, 7, 11, 17
What are the prime factors of 858?
2, 3, 11, 13
What are the prime factors of 3121?
3121
What are the prime factors of 21422?
2, 10711
List the prime factors of 18230.
2, 5, 1823
List the prime factors of 149.
149
List the prime factors of 64131.
3, 21377
What are the prime factors of 30570?
2, 3, 5, 1019
What are the prime factors of 426?
2, 3, 71
What are the prime factors of 59659?
59659
List the prime factors of 664.
2, 83
What are the prime factors of 7255?
5, 1451
List the prime factors of 10195.
5, 2039
What ar